0677 a prime number?
True
Is 986023 a composite number?
False
Is 33827 composite?
False
Is 175247 prime?
False
Is 5077 a composite number?
False
Is 10447 composite?
True
Is 1443613 composite?
False
Is 17863 prime?
True
Is 30031 prime?
False
Is 4201 a prime number?
True
Is 32473 composite?
True
Is 142283 a prime number?
False
Is 1480991 a composite number?
False
Is 29649 composite?
True
Is 8203 composite?
True
Is 215261 a prime number?
True
Is 447635 prime?
False
Is 6193 composite?
True
Is 10037 prime?
True
Is 256429 composite?
True
Is 84566 prime?
False
Is 482155 prime?
False
Is 19587 a prime number?
False
Is 11459 prime?
False
Is 12793 a composite number?
True
Is 578482 prime?
False
Is 1067 composite?
True
Is 255439 a prime number?
False
Is 390869 a composite number?
False
Is 33379 a prime number?
False
Is 382 prime?
False
Is 125791 composite?
False
Is 68399 prime?
True
Is 1361 a prime number?
True
Is 3359 a composite number?
False
Is 62459 prime?
True
Is 191227 a composite number?
False
Is 564041 composite?
False
Is 119069 prime?
True
Is 278 prime?
False
Is 33211 a composite number?
False
Is 733943 prime?
False
Is 34757 prime?
True
Is 33149 a composite number?
False
Is 2837 a prime number?
True
Is 29231 a prime number?
True
Is 275813 prime?
True
Is 889 composite?
True
Is 37857 a prime number?
False
Is 77627 a composite number?
True
Is 305455 a prime number?
False
Is 92279 composite?
True
Is 351409 a composite number?
True
Is 4142267 composite?
False
Is 185221 prime?
True
Is 505889 composite?
True
Is 127 a composite number?
False
Is 6013 a prime number?
False
Is 683079 composite?
True
Is 3734 a prime number?
False
Is 290557 prime?
True
Is 38693 a prime number?
True
Is 220091 a prime number?
False
Is 175291 prime?
True
Is 50213 a composite number?
True
Is 16123 prime?
False
Is 2461 a composite number?
True
Is 1242587 a composite number?
True
Is 43159 composite?
False
Is 310253 composite?
True
Is 2051 composite?
True
Is 226951 a composite number?
True
Is 2031353 composite?
False
Is 72533 composite?
False
Is 666427 prime?
True
Is 511789 a prime number?
False
Is 6913 a prime number?
False
Is 343649 a prime number?
True
Is 237929 a composite number?
False
Is 110029 a prime number?
False
Is 22229 composite?
False
Is 7411 a composite number?
False
Is 13571 composite?
True
Is 222279 a composite number?
True
Is 69317 prime?
True
Is 579209 prime?
False
Is 48809 a prime number?
True
Is 7427 a prime number?
False
Is 1715561 prime?
True
Is 339 composite?
True
Is 16151 a prime number?
False
Is 166267 prime?
False
Is 2543 a prime number?
True
Is 36131 prime?
True
Is 293219 prime?
False
Is 17159 a prime number?
True
Is 120281 a prime number?
False
Is 7819 a composite number?
True
Is 342413 composite?
False
Is 5261 a composite number?
False
Is 1288883 prime?
False
Is 13645 composite?
True
Is 4037 a prime number?
False
Is 118705 a prime number?
False
Is 19841 a prime number?
True
Is 46381 prime?
True
Is 7727 a prime number?
True
Is 124067 a composite number?
False
Is 73939 prime?
True
Is 23017 prime?
True
Is 2797 composite?
False
Is 168239 prime?
False
Is 433997 composite?
True
Is 271753 a composite number?
False
Is 111983 prime?
False
Is 309599 prime?
True
Is 16601 a prime number?
False
Is 5077 prime?
True
Is 236207 a prime number?
True
Is 78059 a prime number?
True
Is 61291 prime?
True
Is 215443 a prime number?
True
Is 588377 prime?
False
Is 589091 composite?
True
Is 68407 prime?
False
Is 7639 prime?
True
Is 1019 a composite number?
False
Is 439297 a prime number?
False
Is 6635 prime?
False
Is 5429 a prime number?
False
Is 158549 composite?
True
Is 3961 a prime number?
False
Is 82235 a composite number?
True
Is 7789 prime?
True
Is 275371 a prime number?
True
Is 364897 a composite number?
True
Is 107383 a prime number?
False
Is 238397 a composite number?
False
Is 8819 a prime number?
True
Is 1387571 prime?
True
Is 356951 a prime number?
False
Is 97663 prime?
False
Is 567367 a composite number?
False
Is 19517 a composite number?
True
Is 257 a composite number?
False
Is 885127 prime?
True
Is 713063 a composite number?
True
Is 1039 a composite number?
False
Is 48383 prime?
True
Is 189463 a prime number?
True
Is 33997 prime?
True
Is 1559 a prime number?
True
Is 37273 prime?
True
Is 39293 composite?
False
Is 219517 prime?
True
Is 877 a prime number?
True
Is 26063 a composite number?
True
Is 264349 composite?
False
Is 28829 a prime number?
False
Is 64373 prime?
True
Is 62201 a prime number?
True
Is 22843 composite?
True
Is 1606723 prime?
True
Is 1840921 a composite number?
False
Is 502249 prime?
False
Is 35797 composite?
False
Is 332081 composite?
False
Is 1177739 a prime number?
True
Is 113853 prime?
False
Is 699077 composite?
False
Is 482213 a composite number?
False
Is 22307 composite?
False
Is 174035 a prime number?
False
Is 21881 a prime number?
True
Is 62743 composite?
False
Is 467579 prime?
False
Is 4421 composite?
False
Is 21223 prime?
False
Is 14429 composite?
True
Is 183409 composite?
True
Is 1007749 a composite number?
False
Is 36433 a composite number?
False
Is 491433 prime?
False
Is 28963 composite?
True
Is 48353 composite?
False
Is 38945 prime?
False
Is 292531 composite?
False
Is 339023 composite?
False
Is 234967 a prime number?
True
Is 3511 a prime number?
True
Is 19121 a prime number?
True
Is 3996857 prime?
True
Is 165493 composite?
True
Is 47341 a composite number?
True
Is 363119 a composite number?
False
Is 23657 composite?
True
Is 309991 a prime number?
False
Is 6805 a composite number?
True
Is 11401 a prime number?
False
Is 35059 a prime number?
True
Is 12689 prime?
True
Is 5885335 a composite number?
True
Is 86327 prime?
False
Is 71063 a composite number?
True
Is 1465 a prime number?
False
Is 446141 a composite number?
False
Is 170327 composite?
False
Is 29789 composite?
False
Is 3847 composite?
False
Is 296213 a composite number?
False
Is 136163 composite?
False
Is 111247 composite?
True
Is 851 a composite number?
True
Is 2977541 prime?
False
Is 680527 a composite number?
True
Is 84749 composite?
True
Is 4739 a composite number?
True
Is 1753 a composite number?
False
Is 124861 a prime number?
False
Is 2531 composite?
False
Is 616013 a prime number?
False
Is 12677 prime?
False
Is 496763 prime?
True
Is 683453 a composite number?
False
Is 7417 a prime number?
True
Is 300337 a composite number?
True
Is 1973 a prime number?
True
Is 222437 prime?
True
Is 1403 prime?
False
Is 588689 prime?
False
Is 398003 a prime number?
False
Is 206341 prime?
True
Is 221777 a prime number?
False
Is 259603 a prime number?
True
Is 43573 composite?
False
Is 53987 prime?
True
Is 14813 prime?
True
Is 476507 composite?
False
Is 179791 composite?
True
Is 89949 a prime number?
False
Is 13313 prime?
True
Is 2179097 a prime number?
True
Is 38501 composite?
False
Is 1515947 composite?
False
Is 435937 a composite number?
True
Is 935659 a composite number?
True
Is 133241 a composite number?
False
Is 467887 prime?
False
Is 94019 prime?
False
Is 14969 a prime number?
True
Is 6947 a composite number?
False
Is 61327 composite?
True
Is 120053 prime?
False
Is 2026193 a prime number?
False
Is 673 prime?
True
Is 144641 a prime number?
False
Is 903913 prime?
True
Is 40031 composite?
False
Is 246191 composite?
True
Is 38581 a composite number?
True
Is 7967 a composite number?
True
Is 205286 a composite number?
True
Is 111057 a prime number?
False
Is 1109 a composite number?
False
Is 598271 a composite number?
True
Is 30671 composite?
False
Is 1513 a composite number?
True
Is 41999 prime?
True
Is 64799 prime?
False
Is 17305 composite?
True
Is 253241 a composite number?
True
Is 31015 a composite number?
True
Is 231581 a prime number?
False
Is 1438517 a composite number?
False
Is 6683 prime?
False
Is 19535 prime?
False
Is 24197 prime?
True
Is 1801 composite?
False
Is 52829 a prime number?
False
Is 15601 a composite number?
False
Is 85889 composite?
False
Is 6077 prime?
False
Is 281509 a composite number?
False
Is 50441 a composite number?
False
Is 52807 composite?
False
Is 53773 a prime number?
True
Is 667 composite?
True
Is 3683 a prime number?
False
Is 8465 a composite number?
True
Is 7621 a composite number?
False
Is 272003 a composite number?
False
Is 316253 a composite number?
True